rs of b.
2, 47
Suppose -3*x + 4*t + 975 = 0, x - 361 + 28 = 4*t. List the prime factors of x.
3, 107
Let t be 2*(-4)/((-16)/6). Let x(i) = i - 1. What are the prime factors of x(t)?
2
Let s = -64 + 114. List the prime factors of s.
2, 5
What are the prime factors of 1275/(-10)*((-15)/9 + 1)?
5, 17
Suppose -8*c + 1320 - 504 = 0. What are the prime factors of c?
2, 3, 17
Suppose 5 = -i + 14. Suppose -y + i = -4. What are the prime factors of y?
13
Suppose 106 = 4*x - 2*k, 0 = -0*x + 5*x - k - 140. List the prime factors of x.
29
Suppose 8*l = 12*l - 332. What are the prime factors of l?
83
Let c be (1 - 1)*(-3)/(-6). Suppose 0 = v + i + 1, v - 23 = -c*v + 5*i. Suppose 0 = -f - v*g + 26, 5*g - 15 - 21 = -f. What are the prime factors of f?
11
Suppose -12 = -4*v - 4*s, 0 = 5*v - 0*v + 3*s - 5. List the prime factors of (v + 1)/(4/(-12)).
3
Suppose 4*k - 2*k = 54. Suppose -27 = -3*l + k. List the prime factors of l.
2, 3
Let x be (-1110)/(-35) - (-4)/14. Suppose -2*u = -0*t - 3*t + x, t - 16 = 2*u. What are the prime factors of t?
2
Let b = 120 + -58. What are the prime factors of b?
2, 31
What are the prime factors of 786/21 - (-8)/14?
2, 19
Let p = 11 - 21. Let f(b) = b**3 + 11*b**2 + 8*b + 11. List the prime factors of f(p).
31
Let s = 34 + -10. Suppose -s = -d - 3*d. List the prime factors of d.
2, 3
Suppose 4*u + 2*k = 550, 5*k + 172 = 3*u - 260. List the prime factors of u.
139
Suppose 0 = -t - 0*t + 5*s + 22, -1 = 2*t - s. Suppose -3*l = q - 20, -2*q + 2*l = 10 - 34. List the prime factors of q - (t - 0 - -1).
2
Let z(f) = -6*f + f**2 + 3*f - 2*f. List the prime factors of z(-5).
2, 5
Let r(l) = -9*l - 4. Let w(k) = -5*k - 2. Let x(p) = -4*r(p) + 7*w(p). Suppose 16 + 12 = 4*o. List the prime factors of x(o).
3
Suppose -132 = 73*i - 75*i. What are the prime factors of i?
2, 3, 11
Let c(g) = -g**2 - 18*g - 21. What are the prime factors of c(-9)?
2, 3, 5
Suppose 3*s - 16 = -3*l + l, -l + 18 = 4*s. What are the prime factors of s?
2
Suppose 4*w + 68 = -0. Let a = w - -51. List the prime factors of a.
2, 17
Suppose 2*l = -3*l + 15, -5*l = -3*r - 3. Suppose r - 1 = -n. What are the prime factors of (-22)/(-6)*(-9)/n?
11
Let k be ((-72)/(-10))/(2/10). Let h be 2/(-5) + k/(-10). List the prime factors of h/(-8)*1*4.
2
Let t(o) = -3*o**2 + o + 2. Let j be t(2). Let i = -5 + j. Let l = 30 + i. What are the prime factors of l?
17
Suppose 0*a + q - 33 = -3*a, 2*q + 44 = 5*a. Let j = 19 - a. What are the prime factors of j?
3
Let t be (-8)/(-6)*6/4. Suppose 0*f + t*j - 2 = 3*f, -5*j + 20 = 0. What are the prime factors of f?
2
Let b = 0 - 5. Let j(f) = -f**2 - 3*f + 6. Let d be j(b). List the prime factors of (-22)/(-4) + d/(-8).
2, 3
Let v(q) = 15*q. Let p be v(2). Let k be -2 - 6*p/(-9). Suppose -4*w = -k - 22. List the prime factors of w.
2, 5
What are the prime factors of (-2 - (103 + -3)*-1) + -4?
2, 47
Suppose 3*q = -g + 99, -2*q - 189 = -2*g + q. Suppose 4*d - g = -3*j, -j = 2*d - 24 - 24. Suppose -4*s + 8*s = d. List the prime factors of s.
2, 3
Let l = -18 + 30. What are the prime factors of l?
2, 3
Suppose t + 273 = 5*c - t, 3*c = -5*t + 139. List the prime factors of c.
53
Let y(q) = q**3 - q**2 + 7*q + 10. Let p be y(7). What are the prime factors of (-4)/18 - p/(-9)?
3, 13
Let k(p) = p**3 + 10*p**2 + 13. Let r(v) = -10*v**2 + v - 1. Let z be r(1). What are the prime factors of k(z)?
13
Let o(v) = 3*v**2 - 4*v + 3. Let t be (12/4)/((-1)/(-3)). Let f(u) = u**3 - 9*u**2 + 3. Let n be f(t). List the prime factors of o(n).
2, 3
Let p = 18 + -14. List the prime factors of p.
2
Let x = 6 + 19. List the prime factors of x.
5
Suppose 15*d - 3204 = -3*d. What are the prime factors of d?
2, 89
Let m = -19 - -154. List the prime factors of m.
3, 5
Let y be ((-1)/(-1))/((-2)/(-12)). Let o(g) = 2 - 5*g - 2 + g**2 + 2. List the prime factors of o(y).
2
Let q = 116 - -44. List the prime factors of q.
2, 5
Let i(o) = -o + 16. What are the prime factors of i(13)?
3
Let b(g) = 5*g. Let j be b(1). Suppose -j*k = -2*i - 12, 4*k + 3*i = -1 + 29. Suppose v - k*w - 10 = 0, 3*v - 2*w - w = 12. What are the prime factors of v?
2
Let y(i) be the third derivative of -i**6/120 + i**5/12 + i**4/3 - 3*i**3/2 - i**2. Let g(f) = -f**3 - f**2 - f. Let m be g(-2). List the prime factors of y(m).
3
Let n(d) = -2*d**2 + 2*d - 2. Let t be n(2). Let p be (-600)/33 - t/33. Let v = p - -38. What are the prime factors of v?
2, 5
Let w(b) = -b**3 + 6*b**2 - 7. Let i be 2*5/(-2)*-1. List the prime factors of w(i).
2, 3
Let j be (-3)/12 + 42/8. Suppose -r - 8 = -3*a, 7*a - 2*a + j*r = 40. Suppose 2*q - 5*b - 20 = 0, -a*q = -b - 12 - 28. List the prime factors of q.
2, 5
Suppose -14 = -4*b + h + 13, 24 = 3*b - 2*h. Suppose 7*a - b*a = 0. Suppose 0 = -r, 3*w + w + 5*r - 8 = a. What are the prime factors of w?
2
Let f = 0 - -31. List the prime factors of f.
31
Let f = 91 + -143. What are the prime factors of (-6)/9 + f/(-6)?
2
Suppose 2*v - v - 10 = 0. Let l = 6 + v. What are the prime factors of l?
2
Suppose -5*n - 5*o + 300 = 0, 0*n = n - 2*o - 57. What are the prime factors of n?
59
Let t(n) = -n**3 + 10*n**2 + 11*n + 14. Suppose 0 = 5*i - 2*s - 45, 11 = i + 4*s - 20. What are the prime factors of t(i)?
2, 7
Suppose -1 - 4 = -5*g. Suppose -4 = -j - g. List the prime factors of j.
3
Suppose 5*n = 31 + 64. List the prime factors of n.
19
Suppose -4*t = -6*t + 20. Let h = 19 - t. What are the prime factors of h?
3
Suppose 0 = -7*w + 4*w. Suppose 4*o = -3*r + 40, -2*o - 2*r = -w*r - 22. What are the prime factors of o?
7
What are the prime factors of (-2)/(4/(-96)*3)?
2
Let p(n) = -n**3 - 13*n**2 + 14*n + 20. What are the prime factors of p(-14)?
2, 5
Let w = 257 - 127. List the prime factors of w.
2, 5, 13
Suppose 3*j - 52 = 98. What are the prime factors of j?
2, 5
Let v(w) = w**2 - 6*w - 4. List the prime factors of v(9).
23
Let k = -6 + 17. Let l = k + -6. What are the prime factors of l?
5
Let u = 171 - 54. What are the prime factors of u?
3, 13
Let g(q) = -q**3 + 5*q**2 + q - 6. Let x be g(6). What are the prime factors of ((-10)/(-30))/((-2)/x)?
2, 3
List the prime factors of (-3 + 9)*34/4.
3, 17
Let d = -19 + 30. List the prime factors of d.
11
Suppose 2*l - 29 = 3*r - 2*l, 3*l + 1 = -r. Let s = -5 - r. List the prime factors of s.
2
Let l = 7 - 1. Suppose 0 = -x + l - 1. Let g = x - -3. List the prime factors of g.
2
Let m(w) = -23*w**3 + 2*w**2 + w. List the prime factors of m(-1).
2, 3
Let g be (-58)/(-4) - (-15)/(-10). Suppose 5*q = 5, 0 = z - 2*q - 3*q + 13. Let d = z + g. What are the prime factors of d?
5
Let n = -248 + 376. Suppose x = 3*c - 0*x - 86, -n = -4*c + 4*x. List the prime factors of c.
3
What are the prime factors of ((-119)/(-14))/(3/54*3)?
3, 17
Suppose -4*q = -3*t - 87, 2*t - 2*q = 4*t + 44. Let x = -15 - t. What are the prime factors of x?
2, 5
List the prime factors of ((-42)/(-5))/((-7)/(-35)).
2, 3, 7
Let l = -5 - 0. Let s = l - -7. What are the prime factors of s?
2
Let n(r) = r**2 + 8*r - 13. What are the prime factors of n(-11)?
2, 5
Suppose -u + y + 3*y - 23 = 0, 0 = 4*u - y + 17. Let n be (-3553)/(-44) - u/(-4). Suppose 5*b = -0*b + n. List the prime factors of b.
2
List the prime factors of (-7)/3 + 2 + 507/9.
2, 7
List the prime factors of (-426)/(-8) + 4/(-16).
53
Suppose 4*b + 121 = 4*v - 231, 8 = 4*v. Let u = -42 - b. Suppose y - 5*y + u = 0. What are the prime factors of y?
11
Let v(w) = -9*w. What are the prime factors of v(-5)?
3, 5
Let x = -6 + 6. Suppose 0*g + 2*g + 12 = x. Let l = 8 + g. What are the prime factors of l?
2
Let u(a) = 12*a**3 + a**2 - a. Let d(v) = -4*v + 1. Let k be d(-1). Suppose -3*m + 10 = -5*i + 2*m, 0 = -2*i - k*m + 17. List the prime factors of u(i).
2, 3
Let t(q) = -3*q - 9. Let d be 2/(21/12 - 2). Let i be t(d). Suppose -3*j - 6 = -3*v, -3*v - 3*j = v - i. List the prime factors of v.
3
Let r(l) = 18*l. Let t = 1 + -2. Let d be r(t). What are the prime factors of 2/(((-4)/d)/1)?
3
Suppose n = -4*n + 10. Suppose -1 = -n*g + 3, -q = -5*g + 5. What are the prime factors of q?
5
Suppose -2*h + p + 134 = 3*p, -p = 3. Let c = h - 49. List the prime factors of c.
3, 7
Suppose 0 = 4*j + 2*s - 4*s - 2, 4*j = 4*s - 4. Suppose j*z = -0*z + 64. List the prime factors of z.
2
Suppose 3*a + 647 = 4*g, 7*a + 20 = 3*a. List th